{"id":20,"date":"2025-09-18T10:28:56","date_gmt":"2025-09-18T07:28:56","guid":{"rendered":"https:\/\/www.uneuniversiteavivre.fr\/?page_id=20"},"modified":"2026-03-12T12:03:23","modified_gmt":"2026-03-12T09:03:23","slug":"accueil","status":"publish","type":"page","link":"https:\/\/www.uneuniversiteavivre.fr\/","title":{"rendered":"Accueil"},"content":{"rendered":"\n<div class=\"wp-block-cover alignfull is-light hestia-clear-top-padding\" style=\"min-height:515px;aspect-ratio:unset;\"><span aria-hidden=\"true\" class=\"wp-block-cover__background has-white-background-color has-background-dim-100 has-background-dim\"><\/span><div class=\"wp-block-cover__inner-container is-layout-flow wp-block-cover-is-layout-flow\">\n<h1 class=\"wp-block-heading has-text-align-center has-text-color\" style=\"color:#3c4858\"><mark style=\"background-color:rgba(0, 0, 0, 0)\" class=\"has-inline-color has-accent-color\">Pourquoi voter pour la liste Une Universit\u00e9 \u00e0 Vivre Ensemble<\/mark><\/h1>\n\n\n\n<p class=\"has-text-align-center\">Voter pour nos candidat.es aux conseils, c&rsquo;est non seulement avoir l&rsquo;assurance de disposer des <strong>relais de proximit\u00e9<\/strong> pour porter votre voix, c&rsquo;est aussi avoir la visibilit\u00e9 de qui candidatera \u00e0 la pr\u00e9sidence de l&rsquo;\u00e9tablissement et quelle \u00e9quipe politique mettra en \u0153uvre le projet si la candidature est retenue.<\/p>\n\n\n\n<div style=\"height:18px\" aria-hidden=\"true\" class=\"wp-block-spacer\"><\/div>\n\n\n\n<div class=\"wp-block-columns container is-layout-flex wp-container-core-columns-is-layout-28f84493 wp-block-columns-is-layout-flex\">\n<div class=\"wp-block-column is-layout-flow wp-block-column-is-layout-flow\"><div class=\"wp-block-image\">\n<figure class=\"aligncenter size-full\"><img decoding=\"async\" width=\"150\" height=\"150\" src=\"https:\/\/www.uneuniversiteavivre.fr\/wp-content\/uploads\/2025\/10\/DGS.png\" alt=\"\" class=\"wp-image-430\"\/><\/figure>\n<\/div>\n\n\n<h5 class=\"wp-block-heading has-text-align-center has-text-color\" style=\"color:#3c4858;font-size:18px\">Un <strong>projet ambitieux qui s\u2019engage pour la qualit\u00e9 de travail et d\u2019\u00e9tude<\/strong> de celles et ceux qui assument les missions de service public essentielles que porte l\u2019Universit\u00e9 Gustave Eiffel sur l\u2019ensemble du territoire ou en b\u00e9n\u00e9ficient.<\/h5>\n\n\n\n<div style=\"height:25px\" aria-hidden=\"true\" class=\"wp-block-spacer\"><\/div>\n<\/div>\n\n\n\n<div class=\"wp-block-column is-layout-flow wp-block-column-is-layout-flow\"><div class=\"wp-block-image\">\n<figure class=\"aligncenter size-full\"><img decoding=\"async\" width=\"150\" height=\"150\" src=\"https:\/\/www.uneuniversiteavivre.fr\/wp-content\/uploads\/2025\/10\/gouvernance.png\" alt=\"\" class=\"wp-image-428\"\/><\/figure>\n<\/div>\n\n\n<h5 class=\"wp-block-heading has-text-align-center has-text-color\" style=\"color:#3c4858;font-size:18px\">Une \u00e9quipe forte de 86 candidat.es repr\u00e9sentative de la diversit\u00e9 des disciplines, des campus et des \u00e9coles<\/h5>\n\n\n\n<div style=\"height:25px\" aria-hidden=\"true\" class=\"wp-block-spacer\"><\/div>\n<\/div>\n\n\n\n<div class=\"wp-block-column is-layout-flow wp-block-column-is-layout-flow\"><div class=\"wp-block-image\">\n<figure class=\"aligncenter size-full\"><img decoding=\"async\" width=\"150\" height=\"150\" src=\"https:\/\/www.uneuniversiteavivre.fr\/wp-content\/uploads\/2025\/10\/candidats.png\" alt=\"\" class=\"wp-image-424\"\/><\/figure>\n<\/div>\n\n\n<h5 class=\"wp-block-heading has-text-align-center has-text-color\" style=\"color:#3c4858;font-size:18px\">Une \u00e9quipe de vice-pr\u00e9sident.e.s identifi\u00e9e, exp\u00e9riment\u00e9e et pr\u00eate \u00e0 engager les chantiers du projet: 14 vice-pr\u00e9sident.e.s, renouvel\u00e9.es aux 2\/3, issu.es de nos diff\u00e9rents campus<\/h5>\n\n\n\n<div style=\"height:25px\" aria-hidden=\"true\" class=\"wp-block-spacer\"><\/div>\n<\/div>\n<\/div>\n<\/div><\/div>\n","protected":false},"excerpt":{"rendered":"","protected":false},"author":1,"featured_media":0,"parent":0,"menu_order":0,"comment_status":"closed","ping_status":"closed","template":"","meta":{"footnotes":""},"class_list":["post-20","page","type-page","status-publish","hentry"],"jetpack_sharing_enabled":true,"_links":{"self":[{"href":"https:\/\/www.uneuniversiteavivre.fr\/index.php\/wp-json\/wp\/v2\/pages\/20","targetHints":{"allow":["GET"]}}],"collection":[{"href":"https:\/\/www.uneuniversiteavivre.fr\/index.php\/wp-json\/wp\/v2\/pages"}],"about":[{"href":"https:\/\/www.uneuniversiteavivre.fr\/index.php\/wp-json\/wp\/v2\/types\/page"}],"author":[{"embeddable":true,"href":"https:\/\/www.uneuniversiteavivre.fr\/index.php\/wp-json\/wp\/v2\/users\/1"}],"replies":[{"embeddable":true,"href":"https:\/\/www.uneuniversiteavivre.fr\/index.php\/wp-json\/wp\/v2\/comments?post=20"}],"version-history":[{"count":26,"href":"https:\/\/www.uneuniversiteavivre.fr\/index.php\/wp-json\/wp\/v2\/pages\/20\/revisions"}],"predecessor-version":[{"id":554,"href":"https:\/\/www.uneuniversiteavivre.fr\/index.php\/wp-json\/wp\/v2\/pages\/20\/revisions\/554"}],"wp:attachment":[{"href":"https:\/\/www.uneuniversiteavivre.fr\/index.php\/wp-json\/wp\/v2\/media?parent=20"}],"curies":[{"name":"wp","href":"https:\/\/api.w.org\/{rel}","templated":true}]}}

<div class="wp-block-cover alignfull is-light hestia-clear-top-padding" style="min-height:515px;aspect-ratio:unset;"><span aria-hidden="true" class="wp-block-cover__background has-white-background-color has-background-dim-100 has-background-dim"></span><div class="wp-block-cover__inner-container is-layout-flow wp-block-cover-is-layout-flow">
<h1 class="wp-block-heading has-text-align-center has-text-color" style="color:#3c4858"><mark style="background-color:rgba(0, 0, 0, 0)" class="has-inline-color has-accent-color">Pourquoi voter pour la liste Une Université à Vivre Ensemble</mark></h1>



<p class="has-text-align-center">Voter pour nos candidat.es aux conseils, c&rsquo;est non seulement avoir l&rsquo;assurance de disposer des <strong>relais de proximité</strong> pour porter votre voix, c&rsquo;est aussi avoir la visibilité de qui candidatera à la présidence de l&rsquo;établissement et quelle équipe politique mettra en œuvre le projet si la candidature est retenue.</p>



<div style="height:18px" aria-hidden="true" class="wp-block-spacer"></div>



<div class="wp-block-columns container is-layout-flex wp-container-core-columns-is-layout-28f84493 wp-block-columns-is-layout-flex">
<div class="wp-block-column is-layout-flow wp-block-column-is-layout-flow"><div class="wp-block-image">
<figure class="aligncenter size-full"><img decoding="async" width="150" height="150" src="https://www.uneuniversiteavivre.fr/wp-content/uploads/2025/10/DGS.png" alt="" class="wp-image-430"/></figure>
</div>


<h5 class="wp-block-heading has-text-align-center has-text-color" style="color:#3c4858;font-size:18px">Un <strong>projet ambitieux qui s’engage pour la qualité de travail et d’étude</strong> de celles et ceux qui assument les missions de service public essentielles que porte l’Université Gustave Eiffel sur l’ensemble du territoire ou en bénéficient.</h5>



<div style="height:25px" aria-hidden="true" class="wp-block-spacer"></div>
</div>



<div class="wp-block-column is-layout-flow wp-block-column-is-layout-flow"><div class="wp-block-image">
<figure class="aligncenter size-full"><img decoding="async" width="150" height="150" src="https://www.uneuniversiteavivre.fr/wp-content/uploads/2025/10/gouvernance.png" alt="" class="wp-image-428"/></figure>
</div>


<h5 class="wp-block-heading has-text-align-center has-text-color" style="color:#3c4858;font-size:18px">Une équipe forte de 86 candidat.es représentative de la diversité des disciplines, des campus et des écoles</h5>



<div style="height:25px" aria-hidden="true" class="wp-block-spacer"></div>
</div>



<div class="wp-block-column is-layout-flow wp-block-column-is-layout-flow"><div class="wp-block-image">
<figure class="aligncenter size-full"><img decoding="async" width="150" height="150" src="https://www.uneuniversiteavivre.fr/wp-content/uploads/2025/10/candidats.png" alt="" class="wp-image-424"/></figure>
</div>


<h5 class="wp-block-heading has-text-align-center has-text-color" style="color:#3c4858;font-size:18px">Une équipe de vice-président.e.s identifiée, expérimentée et prête à engager les chantiers du projet: 14 vice-président.e.s, renouvelé.es aux 2/3, issu.es de nos différents campus</h5>



<div style="height:25px" aria-hidden="true" class="wp-block-spacer"></div>
</div>
</div>
</div></div>
